mainder when 157208 is divided by 9?
5
What is the remainder when 900 is divided by 576?
324
Calculate the remainder when 21753 is divided by 2.
1
Calculate the remainder when 539 is divided by 270.
269
Calculate the remainder when 69432 is divided by 91.
90
What is the remainder when 15628 is divided by 211?
14
What is the remainder when 3179 is divided by 272?
187
What is the remainder when 10809 is divided by 10779?
30
Calculate the remainder when 8439 is divided by 2108.
7
Calculate the remainder when 475360 is divided by 18283.
2
Calculate the remainder when 1056 is divided by 348.
12
What is the remainder when 6439 is divided by 390?
199
Calculate the remainder when 1190 is divided by 483.
224
What is the remainder when 1293006 is divided by 215500?
6
What is the remainder when 9876 is divided by 1644?
12
What is the remainder when 61029 is divided by 30402?
225
What is the remainder when 550373 is divided by 186?
185
What is the remainder when 16853 is divided by 1681?
43
What is the remainder when 4961 is divided by 2140?
681
What is the remainder when 137018 is divided by 263?
258
What is the remainder when 12572 is divided by 3071?
288
What is the remainder when 3435 is divided by 150?
135
What is the remainder when 15034 is divided by 3000?
34
Calculate the remainder when 1939 is divided by 1926.
13
Calculate the remainder when 106412 is divided by 449.
448
Calculate the remainder when 890708 is divided by 72.
68
What is the remainder when 17738 is divided by 66?
50
What is the remainder when 4106 is divided by 1139?
689
Calculate the remainder when 76876 is divided by 451.
206
Calculate the remainder when 105308 is divided by 326.
10
Calculate the remainder when 36820 is divided by 29.
19
Calculate the remainder when 4793 is divided by 370.
353
Calculate the remainder when 3650 is divided by 3604.
46
Calculate the remainder when 23970 is divided by 43.
19
What is the remainder when 19103 is divided by 32?
31
Calculate the remainder when 350612 is divided by 84.
80
What is the remainder when 335817 is divided by 83?
82
Calculate the remainder when 9458 is divided by 433.
365
Calculate the remainder when 3216 is divided by 117.
57
Calculate the remainder when 1725 is divided by 195.
165
Calculate the remainder when 180606 is divided by 73.
4
Calculate the remainder when 662 is divided by 372.
290
Calculate the remainder when 599398 is divided by 85623.
37
What is the remainder when 30071 is divided by 9973?
152
What is the remainder when 139360 is divided by 4645?
10
What is the remainder when 107203 is divided by 5104?
19
What is the remainder when 4253 is divided by 2122?
9
What is the remainder when 3340988 is divided by 79?
78
What is the remainder when 986 is divided by 326?
8
Calculate the remainder when 7140 is divided by 174.
6
What is the remainder when 121811 is divided by 30?
11
Calculate the remainder when 4087 is divided by 469.
335
What is the remainder when 11646 is divided by 141?
84
Calculate the remainder when 258793 is divided by 355.
353
What is the remainder when 574 is divided by 248?
78
Calculate the remainder when 54259 is divided by 159.
40
What is the remainder when 11561 is divided by 118?
115
Calculate the remainder when 17174 is divided by 49.
24
What is the remainder when 99988 is divided by 12498?
4
Calculate the remainder when 7820 is divided by 244.
12
What is the remainder when 627 is divided by 401?
226
What is the remainder when 286415 is divided by 312?
311
What is the remainder when 5560920 is divided by 25?
20
Calculate the remainder when 3955 is divided by 285.
250
What is the remainder when 286941 is divided by 21?
18
What is the remainder when 496 is divided by 446?
50
Calculate the remainder when 20681 is divided by 238.
213
Calculate the remainder when 5646 is divided by 1564.
954
Calculate the remainder when 28145 is divided by 1045.
975
Calculate the remainder when 692 is divided by 229.
5
Calculate the remainder when 18725 is divided by 133.
105
What is the remainder when 139674 is divided by 485?
479
What is the remainder when 57617 is divided by 47?
42
What is the remainder when 15243 is divided by 99?
96
Calculate the remainder when 688 is divided by 670.
18
Calculate the remainder when 794987 is divided by 636.
623
What is the remainder when 318966 is divided by 537?
525
Calculate the remainder when 4996 is divided by 67.
38
What is the remainder when 273946 is divided by 81?
4
Calculate the remainder when 11290 is divided by 1005.
235
What is the remainder when 236521 is divided by 1121?
1111
What is the remainder when 149567 is divided by 77?
33
What is the remainder when 1096 is divided by 79?
69
What is the remainder when 599 is divided by 5?
4
Calculate the remainder when 298810 is divided by 37350.
10
What is the remainder when 3925 is divided by 319?
97
Calculate the remainder when 106457 is divided by 538.
471
Calculate the remainder when 113362 is divided by 141.
139
What is the remainder when 15775 is divided by 137?
20
Calculate the remainder when 1629 is divided by 754.
121
What is the remainder when 201 is divided by 12?
9
Calculate the remainder when 144720 is divided by 542.
6
Calculate the remainder when 1708 is divided by 1002.
706
Calculate the remainder when 19517 is divided by 1083.
23
Calculate the remainder when 336 is divided by 71.
52
What is the remainder when 6830 is divided by 398?
64
What is the remainder when 2512988 is divided by 96?
92
Calculate the remainder when 778319 is divided by 776.
767
What is the remainder when 6536 is divided by 2127?
155
Calculate the remainder when 16807 is divided by 177.
169
What is the remainder when 662 is divided by 213?
23
Calculate the remainder when 773 is divided by 250.
23
Calculate the remainder when 67920 is divided by 29.
2
Calculate the remainder when 14400 is divided by 14390.
10
What is the remainder when 107028 is divided by 223?
211
What is the remainder when 3618 is divided by 361?
8
Calculate the remainder when 265048 is divided by 69.
19
What is the remainder when 325723 is divided by 75?
73
What is the remainder when 5378 is divided by 334?
34
What is the remainder when 1865 is divided by 235?
220
Calculate the remainder when 27991 is divided by 3487.
95
Calculate the remainder when 98688 is divided by 45.
3
Calculate the remainder when 270366 is divided by 48.
30
What is the remainder when 4507 is divided by 39?
22
Calculate the remainder when 639766 is divided by 73.
67
What is the remainder when 15729 is divided by 582?
15
Calculate the remainder when 273895 is divided by 415.
410
What is the remainder when 202235 is divided by 7?
5
Calculate the remainder when 32849 is divided by 998.
913
What is the remainder when 301 is divided by 5?
1
Calculate the remainder when 510 is divided by 150.
60
Calculate the remainder when 35227 is divided by 927.
1
What is the remainder when 228 is divided by 211?
17
What is the remainder when 1199 is divided by 256?
175
Calculate the remainder when 616 is divided by 21.
7
What is the remainder when 44856 is divided by 11211?
12
What is the remainder when 4528 is divided by 240?
208
Calculate the remainder when 114224 is divided by 199.
197
Calculate the remainder when 401898 is divided by 538.
12
Calculate the remainder when 40320 is divided by 1008.
0
Calculate the remainder when 13961 is divided by 2589.
1016
Calculate the remainder when 36297 is divided by 110.
107
Calculate the remainder when 9061 is divided by 35.
31
What is the remainder when 2150 is divided by 852?
446
Calculate the remainder when 6250 is divided by 2058.
76
What is the remainder when 11417 is divided by 225?
167
Calculate the remainder when 644 is divided by 229.
186
What is the remainder when 1210 is divided by 166?
48
What is the remainder when 33266 is divided by 1108?
26
What is the remainder when 64068 is divided by 297?
213
What is the remainder when 15069 is divided by 628?
625
What is the remainder when 38118 is divided by 1474?
1268
What is the remainder when 4558 is divided by 455?
8
Calculate the remainder when 11215 is divided by 30.
25
What is the remainder when 66583 is divided by 653?
630
Calculate the remainder when 175818 is divided by 7.
6
What is the remainder when 660